 209861
What are the prime factors of 328515306?
2, 3, 7, 29, 53, 727
What are the prime factors of 188717127?
3, 62905709
List the prime factors of 32006912.
2, 7, 53, 337
What are the prime factors of 312613059?
3, 11, 277, 3109
List the prime factors of 1132615174.
2, 17, 23, 1448357
What are the prime factors of 2159818?
2, 883, 1223
List the prime factors of 1454592244.
2, 7, 67, 257, 431
What are the prime factors of 63613501?
7, 19, 29, 16493
List the prime factors of 408162046.
2, 204081023
List the prime factors of 176457616.
2, 11028601
What are the prime factors of 2880415422?
2, 3, 160023079
What are the prime factors of 17983101?
3, 19, 315493
List the prime factors of 507214203.
3, 169071401
What are the prime factors of 695437825?
5, 27817513
List the prime factors of 734730514.
2, 7, 17, 3087103
What are the prime factors of 23392032?
2, 3, 139, 1753
What are the prime factors of 106703219?
7, 15243317
What are the prime factors of 152691659?
152691659
What are the prime factors of 4273002677?
4273002677
What are the prime factors of 3485341559?
7, 173, 523, 5503
List the prime factors of 68276064.
2, 3, 711209
What are the prime factors of 386056821?
3, 83, 137, 11317
What are the prime factors of 7590348682?
2, 7, 542167763
What are the prime factors of 38359404?
2, 3, 19, 56081
What are the prime factors of 767741148?
2, 3, 17, 1254479
What are the prime factors of 5197427665?
5, 1039485533
What are the prime factors of 274577804?
2, 4931, 13921
List the prime factors of 108137418.
2, 3, 41, 439583
List the prime factors of 482282642.
2, 37, 97, 67189
List the prime factors of 913287205.
5, 13121, 13921
List the prime factors of 24784639.
11, 23, 163, 601
What are the prime factors of 1536605633?
25301, 60733
List the prime factors of 733113669.
3, 73, 3347551
What are the prime factors of 164245594?
2, 101, 813097
List the prime factors of 812466289.
3461, 234749
List the prime factors of 516810574.
2, 7, 17, 79, 27487
List the prime factors of 1534376444.
2, 173, 463, 4789
What are the prime factors of 258725755?
5, 19, 257, 10597
List the prime factors of 4212444.
2, 3, 351037
What are the prime factors of 2042455657?
11, 569, 326323
What are the prime factors of 2166987?
3, 563, 1283
List the prime factors of 1232978962.
2, 53, 11631877
List the prime factors of 96980721.
3, 32326907
List the prime factors of 1382154993.
3, 29, 67, 79039
List the prime factors of 50774045.
5, 7, 207241
What are the prime factors of 1596097670?
2, 5, 159609767
List the prime factors of 23650972.
2, 19, 311197
List the prime factors of 4794099171.
3, 19, 84107003
What are the prime factors of 37538557?
7, 29, 26417
List the prime factors of 45826591.
45826591
List the prime factors of 69172033.
7, 9881719
List the prime factors of 23400412.
2, 7, 31, 26959
What are the prime factors of 7173545082?
2, 3, 11, 83, 139, 9421
What are the prime factors of 2361055792?
2, 241, 612307
List the prime factors of 1149752752.
2, 1283, 56009
List the prime factors of 445646904.
2, 3, 151, 122971
List the prime factors of 7237711027.
76579, 94513
What are the prime factors of 68963874?
2, 3, 7, 234571
What are the prime factors of 379654654?
2, 43, 1277, 3457
List the prime factors of 344717599.
47, 7334417
What are the prime factors of 410816954?
2, 509, 403553
List the prime factors of 300313174.
2, 7, 47, 456403
What are the prime factors of 389316421?
13, 239, 125303
List the prime factors of 128893917.
3, 109, 277, 1423
What are the prime factors of 2730714050?
2, 5, 31, 1761751
What are the prime factors of 49246375?
5, 163, 2417
List the prime factors of 1350738716.
2, 337684679
List the prime factors of 29627158.
2, 11, 17, 37, 2141
What are the prime factors of 822359322?
2, 3, 29, 1575401
List the prime factors of 4484102.
2, 7, 320293
List the prime factors of 44055328.
2, 1376729
List the prime factors of 4560676852.
2, 8317, 137089
List the prime factors of 1462949203.
653, 2240351
What are the prime factors of 36954275?
5, 317, 4663
What are the prime factors of 74061876?
2, 3, 7, 151, 5839
List the prime factors of 40469535.
3, 5, 23, 61, 641
What are the prime factors of 334336783?
11, 30394253
What are the prime factors of 2607210170?
2, 5, 71, 3672127
What are the prime factors of 251325525?
3, 5, 11, 31, 317
What are the prime factors of 28237774?
2, 379, 37253
List the prime factors of 1150665645.
3, 5, 76711043
List the prime factors of 12819998.
2, 103, 62233
List the prime factors of 71037841.
7, 751, 13513
List the prime factors of 178713042.
2, 3, 61, 488287
List the prime factors of 196441695.
3, 5, 37, 127, 929
List the prime factors of 3313783138.
2, 79, 20973311
List the prime factors of 3443298486.
2, 3, 573883081
List the prime factors of 550159207.
13, 42319939
What are the prime factors of 74237146?
2, 23, 223, 7237
List the prime factors of 159747030.
2, 3, 5, 31, 1847
What are the prime factors of 3243643289?
47, 2237, 30851
List the prime factors of 90320005.
5, 277, 65213
What are the prime factors of 420984527?
151, 2787977
List the prime factors of 158754985.
5, 31750997
What are the prime factors of 17434496?
2, 136207
List the prime factors of 1436551474.
2, 1523, 471619
List the prime factors of 1496644772.
2, 7, 113, 199, 2377
List the prime factors of 75404428.
2, 11, 1713737
List the prime factors of 1081243811.
19, 56907569
List the prime factors of 3504171062.
2, 7, 37, 71, 95279
What are the prime factors of 111844178?
2, 55922089
List the prime factors of 111815337.
3, 37271779
What are the prime factors of 89058817?
983, 90599
List the prime factors of 1350463399.
19, 191, 372131
List the prime factors of 168786233.
7, 11, 313147
What are the prime factors of 1474153881?
3, 23, 31, 59, 11681
List the prime factors of 42205640.
2, 5, 1055141
What are the prime factors of 47239532?
2, 17, 179, 3881
What are the prime factors of 1768518098?
2, 53, 487, 34259
List the prime factors of 24583765.
5, 271, 18143
List the prime factors of 2754558970.
2, 5, 275455897
List the prime factors of 46431878.
2, 281, 82619
List the prime factors of 1460488604.
2, 29, 12590419
List the prime factors of 1443004624.
2, 653, 138113
What are the prime factors of 1421652109?
14683, 96823
List the prime factors of 49173797.
47, 283, 3697
What are the prime factors of 238953712?
2, 14934607
What are the prime factors of 82218971?
2017, 40763
List the prime factors of 529743799.
13, 40749523
What are the prime factors of 724861395?
3, 5, 179, 89989
What are the prime factors of 157976403?
3, 13, 31, 41, 3187
What are the prime factors of 142168052?
2, 13, 59, 149, 311
What are the prime factors of 1011228579?
3, 29, 3874439
What are the prime factors of 67676731?
7993, 8467
What are the prime factors of 4556798025?
3, 5, 13, 19, 245981
What are the prime factors of 878323530?
2, 3, 5, 7, 17, 5021
List the prime factors of 59994143.
11, 23, 83, 2857
List the prime factors of 484594149.
3, 13, 955807
List the prime factors of 653705210.
2, 5, 65370521
List the prime factors of 118962171.
3, 13218019
List the prime factors of 300253443.
3, 7, 29, 493027
List the prime factors of 1122491342.
2, 7, 29, 2764757
What are the prime factors of 139892954?
2, 719, 97283
List the prime factors of 168324828.
2, 3, 7, 211, 9497
What are the prime factors of 19985710?
2, 5, 17, 117563
What are the prime factors of 54871106?
2, 563, 48731
What are the prime factors of 1396039906?
2, 163, 4282331
What are the prime factors of 21550523?
1091, 19753
What are the prime factors of 80564052?
2, 3, 6713671
List the prime factors of 1596475613.
1596475613
What are the prime factors of 105317057?
17, 19, 131
List the prime factors of 24888475.
5, 995539
What are the prime factors of 1032229914?
2, 3, 113, 1522463
List the prime factors of 570852668.
2, 142713167
What are the prime factors of 474083699?
1031, 459829
What are the prime factors of 29663210?
2, 5, 2966321
List the prime factors of 21830836.
2, 5457709
List the prime factors of 984167562.
2, 3, 7, 23, 1018807
List the prime factors of 46659421.
19, 419, 5861
What are the prime factors of 9942370?
2, 5, 994237
What are the prime factors of 165601372?
2, 41400343
List the prime factors of 